{"id":28901,"date":"2021-09-01T13:54:20","date_gmt":"2021-09-01T11:54:20","guid":{"rendered":"https:\/\/www.elvendrellturistic.com\/recursos-turistic\/maison-natale-de-pau-casals\/"},"modified":"2022-01-08T14:16:47","modified_gmt":"2022-01-08T12:16:47","slug":"maison-natale-de-pau-casals","status":"publish","type":"recursos-turistic","link":"https:\/\/elvendrellturisme.dms3labs.cat\/fr\/recursos-turistic\/maison-natale-de-pau-casals\/","title":{"rendered":"Maison natale de Pau Casals"},"content":{"rendered":"<p>Pau Casals (1876-1973) a \u00e9t\u00e9 l&#8217;un des plus grands violoncellistes de tous les temps. Au-del\u00e0 de la musique, il est devenu un d\u00e9fenseur infatigable de la paix et de la libert\u00e9 des peuples \u00e0 une \u00e9poque secou\u00e9e par les guerres et l&#8217;oppression. La maison natale de Pau Casals conserve l&#8217;atmosph\u00e8re d&#8217;une maison de la fin du s. XIX d&#8217;une famille tr\u00e8s humble. Au rez-de-chauss\u00e9e de la maison, vous pourrez suivre toute l&#8217;enfance de Pau Casals li\u00e9e \u00e0 la ville \u00e0 travers des photographies et deux instruments de musique tr\u00e8s significatifs qui ont marqu\u00e9 le d\u00e9but de la carri\u00e8re du Ma\u00eetre : la citrouille et la gralla. Un escalier \u00e0 c\u00f4t\u00e9 de la porte d&#8217;entr\u00e9e \u00e9troite m\u00e8ne aux deux \u00e9tages qu&#8217;occupaient la famille Casals.<\/p>\n<p>Lieux d&#8217;int\u00e9r\u00eat \u00e0 proximit\u00e9 li\u00e9s \u00e0 Pau Casals : \u00e9glise paroissiale et orgue baroque ; Cimeti\u00e8re de Vendrell ; Auditorium de l&#8217;Ecole Sup\u00e9rieure de Musique Pau Casals ; Mus\u00e9e Villa Pau Casals ; Auditorium Pau Casals et ermitage de Sant Salvador.<\/p>\n<p>&#8220;Heureusement, lors de mes voyages dans tant de pays \u00e9trangers (&#8230;) je n&#8217;ai jamais abandonn\u00e9 l&#8217;enfant de Vendrell&#8221;<\/p>\n<p>Prestations : visites guid\u00e9es ; Route Pau Casals avec audition d&#8217;orgue ; magasin.<\/p>\n<p>Informations et r\u00e9servations :<br \/>\nMaison natale de Pau Casals<br \/>\nc \/ Santa Anna, 4<br \/>\n43700, El Vendrell<br \/>\nT\u00e9l. (+34) 977 18 18 19<br \/>\nc\/e visitesmuseus@elvendrell.net<br \/>\nwww.elvendrell.net<\/p>\n","protected":false},"excerpt":{"rendered":"<p>Pau Casals (1876-1973) a \u00e9t\u00e9 l&#8217;un des plus grands violoncellistes de tous les temps. Au-del\u00e0 de la musique, il est devenu un d\u00e9fenseur infatigable de la paix et de la libert\u00e9 des peuples \u00e0 une \u00e9poque secou\u00e9e par les guerres et l&#8217;oppression. La maison natale de Pau Casals conserve l&#8217;atmosph\u00e8re d&#8217;une maison de la fin [&hellip;]<\/p>\n","protected":false},"featured_media":28902,"menu_order":0,"template":"","tipus-de-recurs":[113],"class_list":["post-28901","recursos-turistic","type-recursos-turistic","status-publish","has-post-thumbnail","hentry","tipus-de-recurs-museus"],"acf":[],"_links":{"self":[{"href":"https:\/\/elvendrellturisme.dms3labs.cat\/fr\/wp-json\/wp\/v2\/recursos-turistic\/28901","targetHints":{"allow":["GET"]}}],"collection":[{"href":"https:\/\/elvendrellturisme.dms3labs.cat\/fr\/wp-json\/wp\/v2\/recursos-turistic"}],"about":[{"href":"https:\/\/elvendrellturisme.dms3labs.cat\/fr\/wp-json\/wp\/v2\/types\/recursos-turistic"}],"wp:featuredmedia":[{"embeddable":true,"href":"https:\/\/elvendrellturisme.dms3labs.cat\/fr\/wp-json\/wp\/v2\/media\/28902"}],"wp:attachment":[{"href":"https:\/\/elvendrellturisme.dms3labs.cat\/fr\/wp-json\/wp\/v2\/media?parent=28901"}],"wp:term":[{"taxonomy":"tipus-de-recurs","embeddable":true,"href":"https:\/\/elvendrellturisme.dms3labs.cat\/fr\/wp-json\/wp\/v2\/tipus-de-recurs?post=28901"}],"curies":[{"name":"wp","href":"https:\/\/api.w.org\/{rel}","templated":true}]}}

<p>Pau Casals (1876-1973) a été l&#8217;un des plus grands violoncellistes de tous les temps. Au-delà de la musique, il est devenu un défenseur infatigable de la paix et de la liberté des peuples à une époque secouée par les guerres et l&#8217;oppression. La maison natale de Pau Casals conserve l&#8217;atmosphère d&#8217;une maison de la fin du s. XIX d&#8217;une famille très humble. Au rez-de-chaussée de la maison, vous pourrez suivre toute l&#8217;enfance de Pau Casals liée à la ville à travers des photographies et deux instruments de musique très significatifs qui ont marqué le début de la carrière du Maître : la citrouille et la gralla. Un escalier à côté de la porte d&#8217;entrée étroite mène aux deux étages qu&#8217;occupaient la famille Casals.</p>
<p>Lieux d&#8217;intérêt à proximité liés à Pau Casals : église paroissiale et orgue baroque ; Cimetière de Vendrell ; Auditorium de l&#8217;Ecole Supérieure de Musique Pau Casals ; Musée Villa Pau Casals ; Auditorium Pau Casals et ermitage de Sant Salvador.</p>
<p>&#8220;Heureusement, lors de mes voyages dans tant de pays étrangers (&#8230;) je n&#8217;ai jamais abandonné l&#8217;enfant de Vendrell&#8221;</p>
<p>Prestations : visites guidées ; Route Pau Casals avec audition d&#8217;orgue ; magasin.</p>
<p>Informations et réservations :<br />
Maison natale de Pau Casals<br />
c / Santa Anna, 4<br />
43700, El Vendrell<br />
Tél. (+34) 977 18 18 19<br />
c/e visitesmuseus@elvendrell.net<br />
www.elvendrell.net</p>

<p>Pau Casals (1876-1973) a été l&#8217;un des plus grands violoncellistes de tous les temps. Au-delà de la musique, il est devenu un défenseur infatigable de la paix et de la liberté des peuples à une époque secouée par les guerres et l&#8217;oppression. La maison natale de Pau Casals conserve l&#8217;atmosphère d&#8217;une maison de la fin [&hellip;]</p>
