{"id":47498,"date":"2026-04-17T11:31:37","date_gmt":"2026-04-17T09:31:37","guid":{"rendered":"https:\/\/elvendrellturisme.dms3labs.cat\/events\/dia-de-europa-2026-conversacion-abierta-al-publico\/"},"modified":"2026-04-17T11:31:37","modified_gmt":"2026-04-17T09:31:37","slug":"dia-de-europa-2026-conversacion-abierta-al-publico","status":"publish","type":"mec-events","link":"https:\/\/elvendrellturisme.dms3labs.cat\/es\/events\/dia-de-europa-2026-conversacion-abierta-al-publico\/","title":{"rendered":"D\u00eda de Europa 2026: conversaci\u00f3n abierta al p\u00fablico"},"content":{"rendered":"<p><img decoding=\"async\" class=\"alignnone wp-image-47488 size-full\" src=\"https:\/\/elvendrellturisme.dms3labs.cat\/wp-content\/uploads\/pau-casals-629483-2048x1363-1.jpg\" alt=\"\" width=\"2048\" height=\"1363\" title=\"\" srcset=\"https:\/\/elvendrellturisme.dms3labs.cat\/wp-content\/uploads\/pau-casals-629483-2048x1363-1.jpg 2048w, https:\/\/elvendrellturisme.dms3labs.cat\/wp-content\/uploads\/pau-casals-629483-2048x1363-1-1280x852.jpg 1280w, https:\/\/elvendrellturisme.dms3labs.cat\/wp-content\/uploads\/pau-casals-629483-2048x1363-1-980x652.jpg 980w, https:\/\/elvendrellturisme.dms3labs.cat\/wp-content\/uploads\/pau-casals-629483-2048x1363-1-480x319.jpg 480w\" sizes=\"(min-width: 0px) and (max-width: 480px) 480px, (min-width: 481px) and (max-width: 980px) 980px, (min-width: 981px) and (max-width: 1280px) 1280px, (min-width: 1281px) 2048px, 100vw\" \/><\/p>\n","protected":false},"excerpt":{"rendered":"","protected":false},"author":3,"featured_media":47497,"comment_status":"closed","ping_status":"closed","template":"","tags":[],"mec_category":[322],"class_list":["post-47498","mec-events","type-mec-events","status-publish","has-post-thumbnail","hentry","mec_category-otros"],"acf":[],"_links":{"self":[{"href":"https:\/\/elvendrellturisme.dms3labs.cat\/es\/wp-json\/wp\/v2\/mec-events\/47498","targetHints":{"allow":["GET"]}}],"collection":[{"href":"https:\/\/elvendrellturisme.dms3labs.cat\/es\/wp-json\/wp\/v2\/mec-events"}],"about":[{"href":"https:\/\/elvendrellturisme.dms3labs.cat\/es\/wp-json\/wp\/v2\/types\/mec-events"}],"author":[{"embeddable":true,"href":"https:\/\/elvendrellturisme.dms3labs.cat\/es\/wp-json\/wp\/v2\/users\/3"}],"replies":[{"embeddable":true,"href":"https:\/\/elvendrellturisme.dms3labs.cat\/es\/wp-json\/wp\/v2\/comments?post=47498"}],"wp:featuredmedia":[{"embeddable":true,"href":"https:\/\/elvendrellturisme.dms3labs.cat\/es\/wp-json\/wp\/v2\/media\/47497"}],"wp:attachment":[{"href":"https:\/\/elvendrellturisme.dms3labs.cat\/es\/wp-json\/wp\/v2\/media?parent=47498"}],"wp:term":[{"taxonomy":"post_tag","embeddable":true,"href":"https:\/\/elvendrellturisme.dms3labs.cat\/es\/wp-json\/wp\/v2\/tags?post=47498"},{"taxonomy":"mec_category","embeddable":true,"href":"https:\/\/elvendrellturisme.dms3labs.cat\/es\/wp-json\/wp\/v2\/mec_category?post=47498"}],"curies":[{"name":"wp","href":"https:\/\/api.w.org\/{rel}","templated":true}]}}

Día de Europa 2026: conversación abierta al público
